{"id":370,"date":"2024-01-26T20:18:32","date_gmt":"2024-01-26T20:18:32","guid":{"rendered":"http:\/\/frozenfire.eu\/?page_id=370"},"modified":"2024-01-31T21:39:42","modified_gmt":"2024-01-31T21:39:42","slug":"der-seebaer","status":"publish","type":"page","link":"http:\/\/frozenfire.eu\/?page_id=370","title":{"rendered":"Der Seeb\u00e4r"},"content":{"rendered":"\n<p>Der Seeb\u00e4r verw\u00f6hnt Euch mit leckeren Fisch Nuggets, echte Holl\u00e4ndische Kibbeling,  nat\u00fcrlich auch Fisch &amp; Chips, goldgelbe superzarte Calamari und Garnelen. Meeresfr\u00fcchte wie Tempur und Krebsfleisch. F\u00fcr unsere Vegetarier haben wir frittiertes Gem\u00fcse, in einer extra Fritteuse mit Pflanzen\u00f6l frittiert. Unser absolutes Highlight: Pittule Pugliese &#8211; frittiertes Brot. Dazu gibt es knoblauchso\u00dfe, Remoulade und f\u00fcr unsere frischen Pommes nat\u00fcrlich Ketchup u. Mayo.        Zitrone darf nat\u00fcrlich auch nicht fehlen.<\/p>\n\n\n\n<figure class=\"wp-block-image size-large\"><img loading=\"lazy\" decoding=\"async\" width=\"1024\" height=\"1024\" src=\"http:\/\/frozenfire.eu\/wp-content\/uploads\/2024\/01\/InCollage_20240131_220909001-002-1024x1024.jpg\" alt=\"\" class=\"wp-image-432\" srcset=\"http:\/\/frozenfire.eu\/wp-content\/uploads\/2024\/01\/InCollage_20240131_220909001-002-1024x1024.jpg 1024w, http:\/\/frozenfire.eu\/wp-content\/uploads\/2024\/01\/InCollage_20240131_220909001-002-300x300.jpg 300w, http:\/\/frozenfire.eu\/wp-content\/uploads\/2024\/01\/InCollage_20240131_220909001-002-150x150.jpg 150w, http:\/\/frozenfire.eu\/wp-content\/uploads\/2024\/01\/InCollage_20240131_220909001-002-768x768.jpg 768w, http:\/\/frozenfire.eu\/wp-content\/uploads\/2024\/01\/InCollage_20240131_220909001-002-1536x1536.jpg 1536w, http:\/\/frozenfire.eu\/wp-content\/uploads\/2024\/01\/InCollage_20240131_220909001-002-100x100.jpg 100w, http:\/\/frozenfire.eu\/wp-content\/uploads\/2024\/01\/InCollage_20240131_220909001-002.jpg 2048w\" sizes=\"(max-width: 767px) 89vw, (max-width: 1000px) 54vw, (max-width: 1071px) 543px, 580px\" \/><\/figure>\n","protected":false},"excerpt":{"rendered":"<p>Der Seeb\u00e4r verw\u00f6hnt Euch mit leckeren Fisch Nuggets, echte Holl\u00e4ndische Kibbeling, nat\u00fcrlich auch Fisch &amp; Chips, goldgelbe superzarte Calamari und Garnelen. Meeresfr\u00fcchte wie Tempur und Krebsfleisch. F\u00fcr unsere Vegetarier haben wir frittiertes Gem\u00fcse, in einer extra Fritteuse mit Pflanzen\u00f6l frittiert. Unser absolutes Highlight: Pittule Pugliese &#8211; frittiertes Brot. Dazu gibt es knoblauchso\u00dfe, Remoulade und f\u00fcr &hellip; <\/p>\n<p class=\"link-more\"><a href=\"http:\/\/frozenfire.eu\/?page_id=370\" class=\"more-link\"><span class=\"screen-reader-text\">\u201eDer Seeb\u00e4r\u201c<\/span> weiterlesen<\/a><\/p>\n","protected":false},"author":1,"featured_media":0,"parent":0,"menu_order":0,"comment_status":"closed","ping_status":"closed","template":"","meta":{"footnotes":""},"class_list":["post-370","page","type-page","status-publish","hentry"],"_links":{"self":[{"href":"http:\/\/frozenfire.eu\/index.php?rest_route=\/wp\/v2\/pages\/370"}],"collection":[{"href":"http:\/\/frozenfire.eu\/index.php?rest_route=\/wp\/v2\/pages"}],"about":[{"href":"http:\/\/frozenfire.eu\/index.php?rest_route=\/wp\/v2\/types\/page"}],"author":[{"embeddable":true,"href":"http:\/\/frozenfire.eu\/index.php?rest_route=\/wp\/v2\/users\/1"}],"replies":[{"embeddable":true,"href":"http:\/\/frozenfire.eu\/index.php?rest_route=%2Fwp%2Fv2%2Fcomments&post=370"}],"version-history":[{"count":3,"href":"http:\/\/frozenfire.eu\/index.php?rest_route=\/wp\/v2\/pages\/370\/revisions"}],"predecessor-version":[{"id":433,"href":"http:\/\/frozenfire.eu\/index.php?rest_route=\/wp\/v2\/pages\/370\/revisions\/433"}],"wp:attachment":[{"href":"http:\/\/frozenfire.eu\/index.php?rest_route=%2Fwp%2Fv2%2Fmedia&parent=370"}],"curies":[{"name":"wp","href":"https:\/\/api.w.org\/{rel}","templated":true}]}}