{"id":438,"date":"2024-01-31T22:42:27","date_gmt":"2024-01-31T22:42:27","guid":{"rendered":"http:\/\/frozenfire.eu\/?page_id=438"},"modified":"2024-01-31T22:43:23","modified_gmt":"2024-01-31T22:43:23","slug":"pasta-cucina-2","status":"publish","type":"page","link":"http:\/\/frozenfire.eu\/?page_id=438","title":{"rendered":"Pasta Cucina"},"content":{"rendered":"\n<h2 class=\"wp-block-heading\">PASTA CUCINA<\/h2>\n\n\n\n<p><a href=\"http:\/\/frozenfire.eu\/wp-admin\/post.php?post=22&amp;action=edit\">\u201ePasta Cucina\u201cbearbeiten<\/a><\/p>\n\n\n\n<p><strong><em>Pasta aus dem Parmesanlaib<\/em><\/strong><\/p>\n\n\n\n<p>Ciao Pasta Freunde<\/p>\n\n\n\n<p>Wir bieten leckere Pasta, geschwenkt im Parmesanlaib, dazu reichen wir verschiedene hausgemachte So\u00dfen. Alle unsere So0en werden mit frischen Zutaten angerichtet und ohne jegliche Konservierungsstoffe verarbeitet. Der Klassiker- unsere Bolognese mit frischem Rinderhackfleisch. Auch sehr beliebt unsere Shrimps, Tomate, Rucola, auf Wunsch auch mit Knoblauch angebraten. Vegetarisch- Linguine, Aglio e Olio w\u00fcrzig scharf sowie Linguine Tomate Rucola. Der Renner der italienischen K\u00fcche \u201c Carbonara\u201c Schinken, Ei, und Sahne. Wer keinen Hunger auf Pasta hat, kein Problem, f\u00fcr den haben wir Bruschetta dabei. Auch sehr zu empfehlen. Seit 2019 backen wir unser Brotschalen aus Hefe und ausgew\u00e4hlten Zutaten selber und auf Wunsch k\u00f6nnen Sie dann Ihre leckere Pasta in der essbaren Brotschale genie\u00dfen. Das ganze der Umwelt zu liebe. Einen leckeren Nachtisch haben wir nat\u00fcrlich auch noch im Gep\u00e4ck. Unser leckeres Tiramisu und Pannacotta. Selbstverst\u00e4ndlich hausgemacht und frisch.<\/p>\n\n\n\n<figure class=\"wp-block-image\"><img loading=\"lazy\" decoding=\"async\" width=\"1010\" height=\"1024\" src=\"http:\/\/frozenfire.eu\/wp-content\/uploads\/2020\/04\/IMG-20200303-WA0031-1010x1024.jpg\" alt=\"Facebook Button\" class=\"wp-image-54\" srcset=\"http:\/\/frozenfire.eu\/wp-content\/uploads\/2020\/04\/IMG-20200303-WA0031-1010x1024.jpg 1010w, http:\/\/frozenfire.eu\/wp-content\/uploads\/2020\/04\/IMG-20200303-WA0031-296x300.jpg 296w, http:\/\/frozenfire.eu\/wp-content\/uploads\/2020\/04\/IMG-20200303-WA0031-768x779.jpg 768w, http:\/\/frozenfire.eu\/wp-content\/uploads\/2020\/04\/IMG-20200303-WA0031.jpg 1080w\" sizes=\"(max-width: 767px) 89vw, (max-width: 1000px) 54vw, (max-width: 1071px) 543px, 580px\" \/><\/figure>\n\n\n\n<p><strong>Ihr findet uns auch in:&nbsp;&nbsp;&nbsp;&nbsp;&nbsp;<\/strong><\/p>\n\n\n\n<p>Facebook: FrozenFire<strong>&nbsp;&nbsp;<\/strong>&nbsp;&nbsp;&nbsp;&nbsp;&nbsp;&nbsp;Instagram:&nbsp;&nbsp;frozenfiretruck \/ marys_reibekuchen_<\/p>\n","protected":false},"excerpt":{"rendered":"<p>PASTA CUCINA \u201ePasta Cucina\u201cbearbeiten Pasta aus dem Parmesanlaib Ciao Pasta Freunde Wir bieten leckere Pasta, geschwenkt im Parmesanlaib, dazu reichen wir verschiedene hausgemachte So\u00dfen. Alle unsere So0en werden mit frischen Zutaten angerichtet und ohne jegliche Konservierungsstoffe verarbeitet. Der Klassiker- unsere Bolognese mit frischem Rinderhackfleisch. Auch sehr beliebt unsere Shrimps, Tomate, Rucola, auf Wunsch auch mit &hellip; <\/p>\n<p class=\"link-more\"><a href=\"http:\/\/frozenfire.eu\/?page_id=438\" class=\"more-link\"><span class=\"screen-reader-text\">\u201ePasta Cucina\u201c<\/span> weiterlesen<\/a><\/p>\n","protected":false},"author":1,"featured_media":0,"parent":0,"menu_order":0,"comment_status":"closed","ping_status":"closed","template":"","meta":{"footnotes":""},"class_list":["post-438","page","type-page","status-publish","hentry"],"_links":{"self":[{"href":"http:\/\/frozenfire.eu\/index.php?rest_route=\/wp\/v2\/pages\/438"}],"collection":[{"href":"http:\/\/frozenfire.eu\/index.php?rest_route=\/wp\/v2\/pages"}],"about":[{"href":"http:\/\/frozenfire.eu\/index.php?rest_route=\/wp\/v2\/types\/page"}],"author":[{"embeddable":true,"href":"http:\/\/frozenfire.eu\/index.php?rest_route=\/wp\/v2\/users\/1"}],"replies":[{"embeddable":true,"href":"http:\/\/frozenfire.eu\/index.php?rest_route=%2Fwp%2Fv2%2Fcomments&post=438"}],"version-history":[{"count":2,"href":"http:\/\/frozenfire.eu\/index.php?rest_route=\/wp\/v2\/pages\/438\/revisions"}],"predecessor-version":[{"id":443,"href":"http:\/\/frozenfire.eu\/index.php?rest_route=\/wp\/v2\/pages\/438\/revisions\/443"}],"wp:attachment":[{"href":"http:\/\/frozenfire.eu\/index.php?rest_route=%2Fwp%2Fv2%2Fmedia&parent=438"}],"curies":[{"name":"wp","href":"https:\/\/api.w.org\/{rel}","templated":true}]}}